What is the units digit of a(s)?
2
Let q(s) = 3*s - 7. Let b be q(6). Let k = b + -9. Let d(f) = 7*f**2 - 3*f + 4. What is the units digit of d(k)?
6
Let j = 130 - 15. Suppose -d + j = -15. What is the hundreds digit of d?
1
Suppose 2*d - v + 5*v + 64 = 0, v - 47 = d. Let f = d + 130. What is the units digit of f?
8
Let c = -4 + 3. Let m = -209 - -274. What is the units digit of m + (-2 - c)/1?
4
Let h(p) be the first derivative of 3*p**4/4 - 5*p**3/3 + 3*p**2 - 6*p - 11. What is the units digit of h(3)?
8
Let a(z) = 54*z**3 + 8*z**2 - 6*z + 10. What is the units digit of a(3)?
2
Let x(f) = 5 + 3*f + 4*f - 12*f. What is the units digit of x(-7)?
0
Let w(r) = -5*r - 2. Let m be w(-3). Suppose -8 - 102 = -5*o. Let x = o - m. What is the units digit of x?
9
Let d = -121 + 139. Suppose 11*k - d*k = -609. What is the units digit of k?
7
Let a(k) = 16*k + 2. What is the tens digit of a(15)?
4
Let y(c) = -3 + 5*c + 2*c**2 - 4*c + 2*c - 6*c. What is the units digit of y(-3)?
4
Let u(j) = -17*j - 5. Let y be u(-4). Let f be (-34)/(-10) + 6/(-15). Suppose -2*l - 3*i + y = 2*l, i + f = 0. What is the tens digit of l?
1
Let b(o) = 10*o**3 + 2*o**2 - 6*o + 7. Let r(v) = -v**2 + 7*v - 4. Let s be r(6). What is the units digit of b(s)?
3
Suppose 2*o - 5*z = -z + 82, -2*o = -3*z - 79. What is the tens digit of o?
3
Suppose 5*u - x = -6*x + 40, 5*x - 19 = 2*u. Let o be u*(1 + 3 - 3). What is the units digit of 30/(-1 + o) - -1?
6
Let f = 34 - 31. Suppose -3*o + 2 + 13 = -3*d, -3*d = 2*o - 10. Suppose o*n - 4*v = 81, -n + 26 = f*v + 6. What is the units digit of n?
7
Suppose 573*v - 565*v - 17960 = 0. What is the units digit of v?
5
Let q(k) = -207*k**2. Let d be q(1). Let b = d - -391. What is the tens digit of b?
8
Suppose -s = -3 - 0. Let w(c) = 14*c**2 - 2*c - 1. What is the tens digit of w(s)?
1
Let x be (-39)/(-18) - 1/6. Suppose -18 + 8 = x*k. Let d = 13 - k. What is the units digit of d?
8
Suppose 36*f = 16*f + 49600. What is the tens digit of f?
8
Let f(v) = v**2 - 2*v - 84. What is the units digit of f(19)?
9
Suppose 0 = -16*n + 11*n - 3*m + 6426, n = -7*m + 1266. What is the hundreds digit of n?
2
Let i = -1216 - -2101. What is the hundreds digit of i?
8
Let h be (4/(-3))/(17/51). What is the units digit of (-1)/(h/466) - 7/14?
6
What is the hundreds digit of (-17 - 3)*(-2167)/44?
9
Let o be (1 + 2)/((-9)/(-21)). Suppose 3*n + 28 = 4*h + o*n, -h + 19 = -5*n. Suppose -h*x + 63 = -6*x. What is the tens digit of x?
2
Let d(h) be the second derivative of 19*h**4/6 - h**3/3 - h**2/2 - h. What is the units digit of d(-1)?
9
Let s be (30/(-4))/(6/(-8)). Let g be 186/s - (-3)/(-5). Suppose -k - g = 4*t, 1 - 6 = -5*k - t. What is the units digit of k?
2
Let v(d) = 27*d**2 + 13*d + 1. What is the units digit of v(5)?
1
Let m = -25 + 27. Suppose -4*o - 4*y = -m*o - 96, 5*y - 97 = -2*o. What is the units digit of o?
6
Suppose 19 = y + 3*y + 3*q, 5*y - 25 = -5*q. Suppose -96 = -3*o - c, y*o - 2*c = o + 105. What is the tens digit of o?
3
Suppose y - 1735 = -5*i, 3*y - 2*i - 920 = 4268. What is the units digit of y?
0
Let i(g) = -4*g**2 - 6*g + 8. Let h(d) = 3*d**2 + 5*d - 7. Let p = -6 - 0. Let a(w) = p*i(w) - 7*h(w). What is the units digit of a(1)?
5
Let j(y) = 3*y**3 - 77*y**2 - 34*y - 40. What is the hundreds digit of j(27)?
9
Let o(a) = 4*a - 44*a + 0 - 2*a + 6. What is the units digit of o(-2)?
0
Let m be 3 + (-690)/(-2) - 0. Let c = m - 189. What is the tens digit of c?
5
Let j(v) = -78*v + 2218. What is the hundreds digit of j(0)?
2
Let z = 98 - 108. What is the tens digit of z/(-35) + 4467/21?
1
Suppose -3*m + 8*m - 357 = -h, -699 = -2*h + 5*m. What is the hundreds digit of h?
3
Suppose 20 = -4*u - 4. Let n be 12*(-1)/(u/(-9)). What is the units digit of (-2 + n)*4/(-5)?
6
Suppose 4*f - 7 = 5. Let w = 217 + -190. Suppose 0*r + w = f*r. What is the units digit of r?
9
Suppose -6919 - 1219 = -13*j. What is the units digit of j?
6
Let h(g) = g**3 + 21*g**2 - 33*g + 21. What is the tens digit of h(-14)?
5
Suppose -235*u = -228*u - 4501. What is the units digit of u?
3
Suppose 1425 = 2*f + 489. What is the tens digit of f?
6
Let o be (-4)/(16/12) - 34. Let x = -33 - o. Suppose -6*i + 146 = -i - x*b, -5*b = -5. What is the units digit of i?
0
Suppose -2*q = m - 6 - 17, 0 = -m + 5*q - 5. Let t = m + 27. What is the units digit of t?
2
Let c(z) = z**2 - 2*z + 58. Let v(n) = n + 4. Let j be v(-4). What is the units digit of c(j)?
8
Let g = 32 + -28. Suppose -17 = -g*d - 0*d + 5*h, -5*h - 14 = -3*d. Suppose -27 = -0*m - d*m. What is the units digit of m?
9
Suppose -q - 57 = 3*r, -q + 2*r + 12 = 44. Let z be q/(-28)*4/3. Suppose 0 = -z*l - l + 207. What is the units digit of l?
9
Let k(i) be the second derivative of -i**3/2 + 5*i**2/2 - i. Let w = -70 - -67. What is the units digit of k(w)?
4
What is the thousands digit of (-6)/(-4)*(-4196)/(-6)?
1
Suppose 3*t + 19*l = 16*l + 2004, -4*t + 2662 = 2*l. What is the tens digit of t?
6
What is the hundreds digit of 12/4*1/(-3) + 610?
6
Suppose -7*z + 50 = 3*z. Let s(j) be the third derivative of j**5/60 - j**4/24 - 2*j**3/3 - j**2. What is the units digit of s(z)?
6
Let a(i) = i**3 + 5*i**2 + 4*i - 4. Let m be a(-4). Let w be (-1)/((m - 0) + 3). What is the units digit of 22/1 + 0 + w?
3
Suppose 0 = 11*b - 13*b + 6. Suppose -b*x - 216 = -6*x + 3*n, -3*n = x - 76. What is the tens digit of x?
7
Suppose 4*b + 5*y = 181, -y = 2*b - 4*y - 85. Suppose 7*q = 3*q + b. Suppose 2*u - 9 = q. What is the units digit of u?
0
Let o(k) = -13*k + 1. Let z be o(4). Let l = 72 + z. What is the units digit of l?
1
Let r(q) = 2*q**3 - 2*q**2 - 7*q - 32. What is the units digit of r(8)?
8
Suppose 3*p - 6*p - 106 = -2*o, 0 = 2*o + 5*p - 106. Suppose 3*m - 200 = -o. What is the units digit of m?
9
Let n(b) = -b**3 + b**2 - 2*b - 19. Suppose z = -6*z. Let u be n(z). Let h = 4 - u. What is the tens digit of h?
2
Suppose -2*t = -t + 4*z + 31, -5 = z. Let q = 15 + t. Suppose -q*u + 28 + 24 = 0. What is the tens digit of u?
1
Let z be (-6)/4 - (-33)/6. Let y be (-4 + 0)*2/z. What is the units digit of y/3 + (-47)/(-3)?
5
Let c(d) = -d**2 - 9*d - 9. Let x be c(-2). Suppose 2*y - 4*q - 42 = -12, x*q + 100 = 5*y. What is the tens digit of y?
2
Suppose 0 = a + 2 - 0, -3*j + a + 47 = 0. Let d(c) = -j + 0*c + 4 + 3*c. What is the tens digit of d(11)?
2
Suppose -3 = -a + 5. Suppose a = 3*c + 2. Let k = c + 1. What is the units digit of k?
3
Let r(o) = -324*o - 58. What is the tens digit of r(-3)?
1
Let i(m) = -m**2 - 9*m - 6. Let w(v) = v**2 - 9*v + 9. Let d be w(6). Let h be i(d). What is the tens digit of 1 - 0 - (-33 + h)?
4
Let r = 178 - 158. Let l = 17 + -28. Let k = r + l. What is the units digit of k?
9
What is the units digit of 3220344/2268 + 4/42?
0
Let j = -14 - -20. Let l(k) = 7*k**2 - 5*k - 5. What is the tens digit of l(j)?
1
Let p(n) = n**2 + 5*n + 3. Let i be p(-4). What is the units digit of (i - -15)*(13 + -12)?
4
Let v = -59 + 49. Let m = -18 + 7. Let h = v - m. What is the units digit of h?
1
Let n(v) = 2*v**2 + 44*v + 458. What is the units digit of n(-39)?
4
Suppose -61*w + 56*w = -12835. What is the tens digit of w?
6
Let l(f) = 44*f**2 + 39*f + 187. What is the thousands digit of l(-6)?
1
Let v(k) be the second derivative of 7*k**4/12 - k**3/3 + 5*k**2/2 + 13*k. What is the units digit of v(5)?
0
Suppose -380 = -2*c + 1168. What is the hundreds digit of c?
7
Let c(v) = 9*v + 645. What is the hundreds digit of c(-39)?
2
Suppose 4*j - 8*j + 60 = 0. Let d(l) = 2*l**2 - 4*l - 1. Let r be d(3). Suppose 50 + j = r*i. What is the tens digit of i?
1
Let o(n) = -n**3 - 7*n**2 - 5*n - 15. Suppose 0 = -4*k - 16 + 84. Suppose 5*j = -k - 18. What is the tens digit of o(j)?
2
Let w = -53 + 58. Suppose 0 = w*q - 11*q + 822. What is the tens digit of q?
3
Suppose -o - 16 + 4 = 3*r, -2*o + 26 = -4*r. Suppose -o*d + 8 + 7 = 0. Suppose 4*h + 3*g - 5*g = 38, 2*h - 31 = d*g. What is the units digit of h?
8
Let y(o) = -14*o + 2. Let c be y(1). Let d = 10 - c. What is the units digit of d?
2
Suppose 0 = -6*l + 10*l - 8. Suppose -3*a = -l - 10. Suppose -t + 3*p = -a, 3*t - 5*p + 3*p - 12 = 0. What is the units digit of t?
4
Suppose 390 + 914 = 4*q. What is the units digit of q?
6
Suppose 3*z - 2*z = 68. What is the tens digit of (-19 - -16)/(z/74 +